{"id":33,"date":"2015-08-17T11:55:46","date_gmt":"2015-08-17T09:55:46","guid":{"rendered":"http:\/\/wp.norbert-martsch.de\/?page_id=33"},"modified":"2025-01-13T13:56:43","modified_gmt":"2025-01-13T12:56:43","slug":"startseite","status":"publish","type":"page","link":"https:\/\/www.schnorpstronik.de\/","title":{"rendered":"Startseite"},"content":{"rendered":"\n<p class=\"has-text-align-center\">Herzlich Willkommen auf dieser&nbsp;Seite f\u00fcr Selectrix-Selbstbauelektronik.<\/p>\n\n\n<div class=\"wp-block-image\">\n<figure class=\"alignleft\"><img loading=\"lazy\" decoding=\"async\" width=\"150\" height=\"150\" src=\"https:\/\/www.schnorpstronik.de\/wp-content\/uploads\/2015\/08\/tem-8-16-v1_0-isometrisch-150x150.jpg\" alt=\"tem-8-16-v1_0-isometrisch\" class=\"wp-image-240\"\/><\/figure>\n<\/div>\n\n<div class=\"wp-block-image\">\n<figure class=\"alignright\"><img loading=\"lazy\" decoding=\"async\" width=\"150\" height=\"150\" src=\"https:\/\/www.schnorpstronik.de\/wp-content\/uploads\/2015\/08\/sd-8-v3-bestueckt-oben-150x150.jpg\" alt=\"sd-8-v3-bestueckt-oben\" class=\"wp-image-24\"\/><\/figure>\n<\/div>\n\n\n<p class=\"has-text-align-center\">\u00dcber das Navigationsmen\u00fc erhalten Sie Informationen rund um Selectrix, Anlaufstellen f\u00fcr weiterf\u00fchrendes Wissen, eine Markt\u00fcbersicht sowie von mir entwickelte Elektronik (DIY &#8211; Do-It-Yourself) zum nachbauen.<\/p>\n\n\n\n<p class=\"has-text-align-center\">F\u00fcr die <a href=\"https:\/\/www.schnorpstronik.de\/index.php\/selectrix-elektronik\/\">Selectrix Selbstbauprojekte<\/a> sind alle Informationen und Daten zum Download verf\u00fcgbar.<br>Kritiken und Anregungen sind gern willkommen. Wenn Sie mir etwas mitteilen m\u00f6chten, nutzen Sie bitte die Kommentar-Funktionen der jeweiligen Artikel oder schreiben mir eine E-Mail an<br><a href=\"mailto:sx-elektronik@schnorpstronik.de\">sx-elektronik@schnorpstronik.de<\/a><br>Ich freue mich \u00fcber Ihre Nachricht!<\/p>\n\n\n\n<p class=\"has-text-align-center\">Aktuelle Neuerungen auf der Homepage sind unter &#8222;<a href=\"https:\/\/www.schnorpstronik.de\/index.php\/category\/homepage-updates\/\">Homepage-Updates<\/a>&#8220; einsehbar.<\/p>\n\n\n\n<hr class=\"wp-block-separator has-alpha-channel-opacity\"\/>\n\n\n\n<h2 class=\"wp-block-heading has-text-align-center\">Neuste Beitr\u00e4ge SX-News-Blog:<\/h2>\n\n\n<ul class=\"wp-block-latest-posts__list has-dates animated pulse delay-500ms  wp-block-latest-posts\"><li><div class=\"wp-block-latest-posts__featured-image\"><img loading=\"lazy\" decoding=\"async\" width=\"150\" height=\"150\" src=\"https:\/\/www.schnorpstronik.de\/wp-content\/uploads\/2025\/11\/Roco_BR232_683-3_Umbau_05-150x150.jpg?wsr\" class=\"attachment-thumbnail size-thumbnail wp-post-image\" alt=\"Roco_BR232_683-3_Umbau_05\" style=\"\" srcset=\"https:\/\/www.schnorpstronik.de\/wp-content\/uploads\/2025\/11\/Roco_BR232_683-3_Umbau_05-150x150.jpg 150w, https:\/\/www.schnorpstronik.de\/wp-content\/uploads\/2025\/11\/Roco_BR232_683-3_Umbau_05-730x730.jpg 730w, https:\/\/www.schnorpstronik.de\/wp-content\/uploads\/2025\/11\/Roco_BR232_683-3_Umbau_05-365x365.jpg 365w\" sizes=\"auto, (max-width: 150px) 100vw, 150px\" \/><\/div><a class=\"wp-block-latest-posts__post-title\" href=\"https:\/\/www.schnorpstronik.de\/index.php\/2025\/11\/14\/neuer-umbaubericht-roco-br-132-br-232-online\/\">Neuer Umbaubericht Roco BR 132 \/ BR 232 online<\/a><time datetime=\"2025-11-14T14:45:59+01:00\" class=\"wp-block-latest-posts__post-date\">14. November 2025<\/time><div class=\"wp-block-latest-posts__post-excerpt\">In einem neuen Bericht stelle ich mein neustes Projekt vor: Umbau einer \u00e4lteren Roco BR 232 auf Plux22-Schnittstelle, Soundeinbau mit selbstentwickelter Schallkapsel (Resonsnzk\u00f6rper) und Zimo Staco 3B GoldCap. Hier geht&#8217;s &hellip; <a href=\"https:\/\/www.schnorpstronik.de\/index.php\/2025\/11\/14\/neuer-umbaubericht-roco-br-132-br-232-online\/\">Weiter<\/a><\/div><\/li>\n<li><div class=\"wp-block-latest-posts__featured-image\"><img loading=\"lazy\" decoding=\"async\" width=\"150\" height=\"150\" src=\"https:\/\/www.schnorpstronik.de\/wp-content\/uploads\/2025\/01\/Fluegelsignale_3D-Druck_3D-CAD-150x150.jpg?wsr\" class=\"attachment-thumbnail size-thumbnail wp-post-image\" alt=\"Fl\u00fcgelsignal 3D Druck CAD-Modell\" style=\"\" \/><\/div><a class=\"wp-block-latest-posts__post-title\" href=\"https:\/\/www.schnorpstronik.de\/index.php\/2025\/01\/13\/fluegelsignal-3d-druck-vom-mec-arnsdorf-e-v\/\">Fl\u00fcgelsignal 3D-Druck vom MEC Arnsdorf e.V.<\/a><time datetime=\"2025-01-13T13:55:47+01:00\" class=\"wp-block-latest-posts__post-date\">13. Januar 2025<\/time><div class=\"wp-block-latest-posts__post-excerpt\">Seit 2024 hat der MEC Arnsdorf e.V. 3D-gedruckte Fl\u00fcgelsignale\/Formsignale im Einsatz. Zu Ausstellungen kam immer wieder die Frage auf, ob diese Signale auch f\u00fcr Interessierte angeboten werden k\u00f6nnen. Dem Wunsch &hellip; <a href=\"https:\/\/www.schnorpstronik.de\/index.php\/2025\/01\/13\/fluegelsignal-3d-druck-vom-mec-arnsdorf-e-v\/\">Weiter<\/a><\/div><\/li>\n<li><a class=\"wp-block-latest-posts__post-title\" href=\"https:\/\/www.schnorpstronik.de\/index.php\/2025\/01\/09\/neuaufstellung-gewerbe\/\">Neuaufstellung Gewerbe<\/a><time datetime=\"2025-01-09T10:55:17+01:00\" class=\"wp-block-latest-posts__post-date\">9. Januar 2025<\/time><div class=\"wp-block-latest-posts__post-excerpt\">Hallo Selectrix-und Modellbahn-Freunde, es ist 2025 und ich bin noch hier \ud83d\ude09 Die gute Nachricht: Es geht weiter, der Haken: Preise mussten angehoben werden, um bei einem kleiner werdenden Markt &hellip; <a href=\"https:\/\/www.schnorpstronik.de\/index.php\/2025\/01\/09\/neuaufstellung-gewerbe\/\">Weiter<\/a><\/div><\/li>\n<\/ul>\n\n\n<hr class=\"wp-block-separator has-alpha-channel-opacity\"\/>\n\n\n\n<p class=\"has-text-align-center\">Viel Spa\u00df nun beim St\u00f6bern durch meine Homepage und einen interessanten Aufenthalt hier w\u00fcnscht<br>Norbert Martsch<\/p>\n\n\n<div class=\"wp-block-image\">\n<figure class=\"aligncenter\"><img loading=\"lazy\" decoding=\"async\" width=\"1024\" height=\"295\" src=\"https:\/\/www.schnorpstronik.de\/wp-content\/uploads\/2015\/08\/SD-8-V3_0_0-sch-startseite-1024x295.jpg\" alt=\"\" class=\"wp-image-295\" srcset=\"https:\/\/www.schnorpstronik.de\/wp-content\/uploads\/2015\/08\/SD-8-V3_0_0-sch-startseite.jpg 1024w, https:\/\/www.schnorpstronik.de\/wp-content\/uploads\/2015\/08\/SD-8-V3_0_0-sch-startseite-300x86.jpg 300w\" sizes=\"auto, (max-width: 1024px) 100vw, 1024px\" \/><\/figure>\n<\/div>\n\n\n<p class=\"has-text-align-center\">&nbsp;<\/p>\n\n\n\n<hr class=\"wp-block-separator has-alpha-channel-opacity\"\/>\n\n\n\n<p class=\"has-text-align-center\">Nachruf Klaus Richter<\/p>\n\n\n<div class=\"wp-block-image\">\n<figure class=\"aligncenter size-medium\"><a href=\"https:\/\/www.schnorpstronik.de\/index.php\/nachruf-klaus-richter-der-modellbahn-berater\/\"><img loading=\"lazy\" decoding=\"async\" width=\"230\" height=\"300\" src=\"https:\/\/www.schnorpstronik.de\/wp-content\/uploads\/2022\/11\/Klaus_Richter_Eroeffnung_MESA-2007-06-30-3-230x300.jpg\" alt=\"Nachruf Klaus Richter\" class=\"wp-image-9497\" srcset=\"https:\/\/www.schnorpstronik.de\/wp-content\/uploads\/2022\/11\/Klaus_Richter_Eroeffnung_MESA-2007-06-30-3-230x300.jpg 230w, https:\/\/www.schnorpstronik.de\/wp-content\/uploads\/2022\/11\/Klaus_Richter_Eroeffnung_MESA-2007-06-30-3-786x1024.jpg 786w, https:\/\/www.schnorpstronik.de\/wp-content\/uploads\/2022\/11\/Klaus_Richter_Eroeffnung_MESA-2007-06-30-3-768x1001.jpg 768w, https:\/\/www.schnorpstronik.de\/wp-content\/uploads\/2022\/11\/Klaus_Richter_Eroeffnung_MESA-2007-06-30-3-1178x1536.jpg 1178w, https:\/\/www.schnorpstronik.de\/wp-content\/uploads\/2022\/11\/Klaus_Richter_Eroeffnung_MESA-2007-06-30-3.jpg 1571w\" sizes=\"auto, (max-width: 230px) 100vw, 230px\" \/><\/a><figcaption class=\"wp-element-caption\"><a href=\"https:\/\/www.schnorpstronik.de\/index.php\/nachruf-klaus-richter-der-modellbahn-berater\/\" data-type=\"page\" data-id=\"9494\">Nachruf Klaus Richter<\/a><\/figcaption><\/figure>\n<\/div>\n\n\n<h2 class=\"wp-block-heading has-text-align-center\">Empfehlung f\u00fcr alle Modellbahn-begeisterten<br>und<br>Interessenten digitaler Modellbahnsteuerung:<br>Das Miniaturelbtal in K\u00f6nigstein\/Sachs.<\/h2>\n\n\n\n<p class=\"has-text-align-center\">Sehr detailreichen Darstellung des Elbtals zwischen Obervogelgesang und Bad Schandau im Ma\u00dfstab 1:87 (H0), digital gesteuerte Anlage mit dem Selectrix-System.<br>K\u00f6nigstein liegt in der malerischen S\u00e4chsischen Schweiz, ca. 35km s\u00fcd-\u00f6stlich von Dresden entlang der B172, Richtung Tschechische Republik.<br>Mehr Infos auf der Website:&nbsp;<a rel=\"noopener noreferrer\" href=\"http:\/\/www.miniaturelbtal.de\" target=\"_blank\">http:\/\/www.miniaturelbtal.de<\/a><\/p>\n","protected":false},"excerpt":{"rendered":"<p>Herzlich Willkommen auf dieser&nbsp;Seite f\u00fcr Selectrix-Selbstbauelektronik. \u00dcber das Navigationsmen\u00fc erhalten Sie Informationen rund um Selectrix, Anlaufstellen f\u00fcr weiterf\u00fchrendes Wissen, eine Markt\u00fcbersicht sowie von mir entwickelte Elektronik (DIY &#8211; Do-It-Yourself) zum nachbauen. F\u00fcr die Selectrix Selbstbauprojekte sind alle Informationen und Daten &hellip; <a href=\"https:\/\/www.schnorpstronik.de\/\">Weiter<\/a><\/p>\n","protected":false},"author":1,"featured_media":0,"parent":0,"menu_order":0,"comment_status":"closed","ping_status":"open","template":"page-fullwidth.php","meta":{"_themeisle_gutenberg_block_has_review":false,"footnotes":""},"class_list":["post-33","page","type-page","status-publish","hentry"],"_links":{"self":[{"href":"https:\/\/www.schnorpstronik.de\/index.php\/wp-json\/wp\/v2\/pages\/33","targetHints":{"allow":["GET"]}}],"collection":[{"href":"https:\/\/www.schnorpstronik.de\/index.php\/wp-json\/wp\/v2\/pages"}],"about":[{"href":"https:\/\/www.schnorpstronik.de\/index.php\/wp-json\/wp\/v2\/types\/page"}],"author":[{"embeddable":true,"href":"https:\/\/www.schnorpstronik.de\/index.php\/wp-json\/wp\/v2\/users\/1"}],"replies":[{"embeddable":true,"href":"https:\/\/www.schnorpstronik.de\/index.php\/wp-json\/wp\/v2\/comments?post=33"}],"version-history":[{"count":8,"href":"https:\/\/www.schnorpstronik.de\/index.php\/wp-json\/wp\/v2\/pages\/33\/revisions"}],"predecessor-version":[{"id":10784,"href":"https:\/\/www.schnorpstronik.de\/index.php\/wp-json\/wp\/v2\/pages\/33\/revisions\/10784"}],"wp:attachment":[{"href":"https:\/\/www.schnorpstronik.de\/index.php\/wp-json\/wp\/v2\/media?parent=33"}],"curies":[{"name":"wp","href":"https:\/\/api.w.org\/{rel}","templated":true}]}}