{"id":423,"date":"2015-11-23T14:33:01","date_gmt":"2015-11-23T13:33:01","guid":{"rendered":"http:\/\/www.norbert-martsch.de\/?page_id=423"},"modified":"2022-12-31T11:27:41","modified_gmt":"2022-12-31T10:27:41","slug":"relaiserweiterung-v3","status":"publish","type":"page","link":"https:\/\/www.schnorpstronik.de\/index.php\/selectrix-elektronik\/relaiserweiterung-v3\/","title":{"rendered":"Relaiserweiterung V3"},"content":{"rendered":"<h2>Allgemeines<\/h2>\n<figure id=\"attachment_424\" class=\"thumbnail wp-caption alignright\" style=\"width: 150px\"><a href=\"https:\/\/www.schnorpstronik.de\/wp-content\/uploads\/2015\/11\/RE-V3-oben.jpg\"><img loading=\"lazy\" decoding=\"async\" class=\"wp-image-424 size-thumbnail\" src=\"https:\/\/www.schnorpstronik.de\/wp-content\/uploads\/2015\/11\/RE-V3-oben-150x150.jpg\" alt=\"RE-V3.0 komplett best\u00fcckt\" width=\"150\" height=\"150\"><\/a><figcaption class=\"caption wp-caption-text\">RE-V3.0 komplett best\u00fcckt<\/figcaption><\/figure>\n<p>Die Relaiserweiterung V3.0 (RE-V3.0) ist die Weiterentwicklung der RE-V2.1. Mit Hilfe der RE-V3.0 k\u00f6nnen 8 Relais vom Servodecoder aus angesteuert werden, mit welchen Herzst\u00fccke und Zungen-Schienen von Weichen polarisiert werden k\u00f6nnen. Die RE-V3.0 ist kompatibel zum ebenfalls hier vorgestellten SX-Servodecoder SD-8-V3 sowie dem Vorg\u00e4nger SD-8-V2 (ab V2.5) und dem SX-Servodecoder V4 der Firma MTTM.<br>Optional kann die RE-V3.0 in ein Geh\u00e4use montiert werden (Hammond Serie 1591, Reichelt Art.-Nr. 1591CFLBK).<\/p>\n<h3>Vorg\u00e4ngerversion<\/h3>\n<p>Die Version RE-V2 ist ins Archiv umgezogen. Link:<\/p>\n<ul>\n<li><a href=\"https:\/\/www.schnorpstronik.de\/index.php\/selectrix-elektronik\/relaiserweiterung-v2\/\">RE-V2<\/a><\/li>\n<\/ul>\n<h2>Servodecoder und Relaiserweiterung<\/h2>\n<p>\u00dcber die Jahre hinweg gab es mehrere Hardware-Versionen des Servodecoders und der Relaiserweiterung. Die folgende Tabelle gibt einen \u00dcberblick, welche Version Servodecoder mit welcher Version Relaiserweiterung kompatibel ist.<\/p>\n<figure id=\"attachment_1060\" class=\"thumbnail wp-caption alignnone\" style=\"width: 1024px\"><a href=\"https:\/\/www.schnorpstronik.de\/wp-content\/uploads\/2017\/10\/SD_vs_RE.jpg\"><img loading=\"lazy\" decoding=\"async\" class=\"size-large wp-image-1060\" src=\"https:\/\/www.schnorpstronik.de\/wp-content\/uploads\/2017\/10\/SD_vs_RE-1024x382.jpg\" alt=\"Kompatibilit\u00e4ts-Matrix Servodecoder Relaiserweiterung\" width=\"1024\" height=\"382\" srcset=\"https:\/\/www.schnorpstronik.de\/wp-content\/uploads\/2017\/10\/SD_vs_RE-1024x382.jpg 1024w, https:\/\/www.schnorpstronik.de\/wp-content\/uploads\/2017\/10\/SD_vs_RE-300x112.jpg 300w, https:\/\/www.schnorpstronik.de\/wp-content\/uploads\/2017\/10\/SD_vs_RE-768x286.jpg 768w, https:\/\/www.schnorpstronik.de\/wp-content\/uploads\/2017\/10\/SD_vs_RE.jpg 2000w\" sizes=\"auto, (max-width: 1024px) 100vw, 1024px\" \/><\/a><figcaption class=\"caption wp-caption-text\">Kompatibilit\u00e4ts-Matrix Servodecoder &lt;-&gt; Relaiserweiterung<\/figcaption><\/figure>\n<ul>\n<li><a href=\"https:\/\/www.schnorpstronik.de\/wp-content\/uploads\/2017\/10\/SD_vs_RE.pdf\" target=\"_blank\" rel=\"noopener noreferrer\">Tabelle als pdf-Dokument<\/a><\/li>\n<\/ul>\n<h2>Funktionen \/ Technisches<\/h2>\n<p>Die RE-V3.0 ist eine Baugruppe ohne eigene &#8222;Intelligenz&#8220;, d.h. es ist kein Prozessor samt Firmware verbaut. Angesteuert wird die RE-V3.0 \u00fcber Spannungspegel, welche der jeweilige Servodecoder ausgibt.<br>Betrieben&nbsp;wird die RE-V3.0 \u00fcber eine anzuschlie\u00dfende externe Versorgungsspannung im Bereich:<\/p>\n<ul>\n<li>AC\/DC: 12&#8230;16V<\/li>\n<\/ul>\n<p>Gegen\u00fcber dem Vorg\u00e4nger RE-V2.1 sind mit Version RE-V3.0 folgende \u00c4nderungen realisiert:<\/p>\n<ul>\n<li>Anschlussklemmen in einer Ebene\/Reihe statt Doppelstock-Klemmen<\/li>\n<li>K\u00fchlk\u00f6rper f\u00fcr 12V-Spannungsregler entfallen, zur K\u00fchlung wird die Masse-\/Kupfer-Fl\u00e4che der Leiterplatte genutzt<\/li>\n<li>Neues Layout passend f\u00fcr ein optionales Geh\u00e4use<\/li>\n<\/ul>\n<figure id=\"attachment_425\" class=\"thumbnail wp-caption aligncenter\" style=\"width: 940px\"><a href=\"https:\/\/www.schnorpstronik.de\/wp-content\/uploads\/2015\/11\/RE-V3_0_14-sch.jpg\"><img loading=\"lazy\" decoding=\"async\" class=\"wp-image-425 size-large\" src=\"https:\/\/www.schnorpstronik.de\/wp-content\/uploads\/2015\/11\/RE-V3_0_14-sch-1024x724.jpg\" alt=\"RE-V3.0.14 \u2013 Schaltplan\" width=\"940\" height=\"665\" srcset=\"https:\/\/www.schnorpstronik.de\/wp-content\/uploads\/2015\/11\/RE-V3_0_14-sch-1024x724.jpg 1024w, https:\/\/www.schnorpstronik.de\/wp-content\/uploads\/2015\/11\/RE-V3_0_14-sch-300x212.jpg 300w, https:\/\/www.schnorpstronik.de\/wp-content\/uploads\/2015\/11\/RE-V3_0_14-sch.jpg 1200w\" sizes=\"auto, (max-width: 940px) 100vw, 940px\" \/><\/a><figcaption class=\"caption wp-caption-text\">RE-V3.0.14 \u2013 Schaltplan<\/figcaption><\/figure>\n\n\n<h2 class=\"wp-block-heading\">Downloads<\/h2>\n\n\n\n<ul class=\"wp-block-list\">\n<li><a href=\"https:\/\/www.schnorpstronik.de\/wp-content\/uploads\/2015\/08\/re-v3.zip\" data-type=\"attachment\" data-id=\"435\" target=\"_blank\" rel=\"noreferrer noopener\">RE-V3<\/a><\/li>\n<\/ul>\n","protected":false},"excerpt":{"rendered":"<p>Allgemeines Die Relaiserweiterung V3.0 (RE-V3.0) ist die Weiterentwicklung der RE-V2.1. Mit Hilfe der RE-V3.0 k\u00f6nnen 8 Relais vom Servodecoder aus angesteuert werden, mit welchen Herzst\u00fccke und Zungen-Schienen von Weichen polarisiert werden k\u00f6nnen. Die RE-V3.0 ist kompatibel zum ebenfalls hier vorgestellten &hellip; <a href=\"https:\/\/www.schnorpstronik.de\/index.php\/selectrix-elektronik\/relaiserweiterung-v3\/\">Weiter<\/a><\/p>\n","protected":false},"author":1,"featured_media":0,"parent":84,"menu_order":0,"comment_status":"open","ping_status":"open","template":"page-fullwidth.php","meta":{"_themeisle_gutenberg_block_has_review":false,"footnotes":""},"class_list":["post-423","page","type-page","status-publish","hentry"],"_links":{"self":[{"href":"https:\/\/www.schnorpstronik.de\/index.php\/wp-json\/wp\/v2\/pages\/423","targetHints":{"allow":["GET"]}}],"collection":[{"href":"https:\/\/www.schnorpstronik.de\/index.php\/wp-json\/wp\/v2\/pages"}],"about":[{"href":"https:\/\/www.schnorpstronik.de\/index.php\/wp-json\/wp\/v2\/types\/page"}],"author":[{"embeddable":true,"href":"https:\/\/www.schnorpstronik.de\/index.php\/wp-json\/wp\/v2\/users\/1"}],"replies":[{"embeddable":true,"href":"https:\/\/www.schnorpstronik.de\/index.php\/wp-json\/wp\/v2\/comments?post=423"}],"version-history":[{"count":0,"href":"https:\/\/www.schnorpstronik.de\/index.php\/wp-json\/wp\/v2\/pages\/423\/revisions"}],"up":[{"embeddable":true,"href":"https:\/\/www.schnorpstronik.de\/index.php\/wp-json\/wp\/v2\/pages\/84"}],"wp:attachment":[{"href":"https:\/\/www.schnorpstronik.de\/index.php\/wp-json\/wp\/v2\/media?parent=423"}],"curies":[{"name":"wp","href":"https:\/\/api.w.org\/{rel}","templated":true}]}}