{"id":640,"date":"2016-11-07T19:57:26","date_gmt":"2016-11-07T18:57:26","guid":{"rendered":"http:\/\/www.norbert-martsch.de\/?page_id=640"},"modified":"2023-04-09T11:05:42","modified_gmt":"2023-04-09T09:05:42","slug":"airbrush-erfahrungswerte","status":"publish","type":"page","link":"https:\/\/www.schnorpstronik.de\/index.php\/modellbahn\/fahrzeuge-auf-und-umarbeiten\/airbrush-erfahrungswerte\/","title":{"rendered":"Airbrush &#8211; Erfahrungswerte"},"content":{"rendered":"<figure id=\"attachment_659\" class=\"thumbnail wp-caption alignright\" style=\"width: 300px\"><a href=\"https:\/\/www.schnorpstronik.de\/wp-content\/uploads\/2016\/11\/Airbrush_MoBa_erster_Test-2016-08.jpg\"><img loading=\"lazy\" decoding=\"async\" class=\"wp-image-659 size-medium\" src=\"https:\/\/www.schnorpstronik.de\/wp-content\/uploads\/2016\/11\/Airbrush_MoBa_erster_Test-2016-08-300x163.jpg\" alt=\"Erste Versuche mit Airbrush an der Modellbahn - Gleise rosten\" width=\"300\" height=\"163\" srcset=\"https:\/\/www.schnorpstronik.de\/wp-content\/uploads\/2016\/11\/Airbrush_MoBa_erster_Test-2016-08-300x163.jpg 300w, https:\/\/www.schnorpstronik.de\/wp-content\/uploads\/2016\/11\/Airbrush_MoBa_erster_Test-2016-08-768x418.jpg 768w, https:\/\/www.schnorpstronik.de\/wp-content\/uploads\/2016\/11\/Airbrush_MoBa_erster_Test-2016-08-1024x557.jpg 1024w, https:\/\/www.schnorpstronik.de\/wp-content\/uploads\/2016\/11\/Airbrush_MoBa_erster_Test-2016-08.jpg 2000w\" sizes=\"auto, (max-width: 300px) 100vw, 300px\" \/><\/a><figcaption class=\"caption wp-caption-text\">Erste Versuche mit Airbrush an der Modellbahn &#8211; Gleise rosten<\/figcaption><\/figure>\n<p>Hier m\u00f6chte ich ein paar Dinge zusammentragen, die ich beim Einstieg ins Hobby Airbrush und w\u00e4hrend meiner Arbeit gelernt und erfahren habe. Meine Anf\u00e4nge nahm ich im August 2016.<\/p>\n<p>&nbsp;<\/p>\n<h2>Einstieg ins Thema Airbrush<\/h2>\n<p style=\"text-align: left;\">Da ich schon lange am Thema Airbrush interessiert war, bisher aber die Investition scheute, bin ich folgenden Weg gegangen: Zun\u00e4chst gebrauchtes Airbrush-Set (Airbrush-Pistole, Kompressor und Schl\u00e4uche) via eBay-Kleinanzeigen zugelegt und darauf aufbauend weitergearbeitet. Ich habe gut 100\u20ac f\u00fcr ein vern\u00fcnftiges Set bezahlt. Es bestand aus einem Kompressor Proxxon K70, einer Proxxon Airbrush-Pistole &#8222;300&#8220; sowie einem sehr flexiblen Silikon-Schlauch und Kleinteilen f\u00fcr die Druckluft. Die beiden Proxxon-Teile sind schon jetzt (08\/2016) so alt, dass es im Internet kaum Informationen \u00fcber diese Produkte gibt.<br \/>\nZun\u00e4chst wollte ich nach dem Kauf des Sets alles grundlegend reinigen. Dabei gleich den ersten gro\u00dfen Fehler gemacht:\u00a0Pistole in Einzelteilen in Aceton-Ultraschallbad eingelegt. Nach gut 10 Minuten war die Airbrush-Pistole blitzblank, leider aber auch alle &#8222;Gummi&#8220;-\/O-Ring-Dichtungen hin\u00fcber (aufgequollen und nach dem trocknen total spr\u00f6de). Aufgrund des Alters der Airbrush-Pistole habe ich keinerlei Informationen \u00fcber Ersatzteile gefunden, auch ein Anruf beim Hersteller Proxxon brachte mich nicht weiter, da das Produkt schon seit \u00fcber 10 Jahren aus dem Programm genommen wurde. OK, also nach einer g\u00fcnstigen Alternative umgeschaut und parallel dazu mich mehr in die Theorie eingearbeitet, Stichwort: L\u00f6semittelvertr\u00e4glichkeit.<\/p>\n<figure id=\"attachment_656\" class=\"thumbnail wp-caption alignright\" style=\"width: 300px\"><a href=\"https:\/\/www.schnorpstronik.de\/wp-content\/uploads\/2016\/11\/Airbrush_130_komplett.jpg\"><img loading=\"lazy\" decoding=\"async\" class=\"wp-image-656 size-medium\" src=\"https:\/\/www.schnorpstronik.de\/wp-content\/uploads\/2016\/11\/Airbrush_130_komplett-300x194.jpg\" alt=\"Airbrush-Set 130\" width=\"300\" height=\"194\" srcset=\"https:\/\/www.schnorpstronik.de\/wp-content\/uploads\/2016\/11\/Airbrush_130_komplett-300x194.jpg 300w, https:\/\/www.schnorpstronik.de\/wp-content\/uploads\/2016\/11\/Airbrush_130_komplett-768x496.jpg 768w, https:\/\/www.schnorpstronik.de\/wp-content\/uploads\/2016\/11\/Airbrush_130_komplett-1024x662.jpg 1024w, https:\/\/www.schnorpstronik.de\/wp-content\/uploads\/2016\/11\/Airbrush_130_komplett.jpg 2000w\" sizes=\"auto, (max-width: 300px) 100vw, 300px\" \/><\/a><figcaption class=\"caption wp-caption-text\">Airbrush-Set 130<\/figcaption><\/figure>\n<p style=\"text-align: left;\">Als kosteng\u00fcnstigen Ersatz f\u00fcr die Proxxon-Airbrush-Pistole habe ich mir das Modell &#8222;Profi Airbrush Pistole Typ 130T\u00a0mit Double-Action-Funktion \/ Nadeln 0,2 \/ 0,3 \/ 0,5 mm&#8220; herausgesucht. Bitte nicht vom Namen &#8222;Profi&#8230;&#8220; t\u00e4uschen lassen, aber f\u00fcr gut 30\u20ac ein guten Einstieg in die Welt des Airbrushs.<br \/>\nGut an diesem Set:<\/p>\n<ul>\n<li style=\"text-align: left;\">3 verschiedene D\u00fcsensets (D\u00fcse, Nadel, D\u00fcsenkappe) beiliegend<\/li>\n<li style=\"text-align: left;\">g\u00fcnstiger Preis erleichtert Einstieg ins Thema Airbrush<\/li>\n<li style=\"text-align: left;\">funktioniert grundlegend zufriedenstellend, d.h. sie tut was sie soll: verspr\u00fcht Farbe<\/li>\n<\/ul>\n<p>Nachteilig:<\/p>\n<ul>\n<li>O-Ring-Dichtungen nicht L\u00f6semittel-fest<\/li>\n<li>aufwendig zu reinigen, Demontage der D\u00fcse nur mit beiliegendem Werkzeug m\u00f6glich<\/li>\n<li>O-Ring der D\u00fcse sehr klein und fummelig zu wechseln<\/li>\n<li>Dokumentation = ein Blatt Papier mit schematischer Darstellung der Airbrush-Pistole und Nummerierung der Einzelteile<\/li>\n<\/ul>\n<p>Das Modell ist meiner Beobachtung nach baugleich mit dem Artikel &#8222;Airbrush BD 130&#8220;, zu welchem man per Internetsuche eine Vielzahl an Ersatzteilen bzw. Ersatzteil-Kits findet. Damit ich f\u00fcr den Fall der F\u00e4lle ger\u00fcstet bin, habe ich mir einen kompletten Satz O-Ring-Dichtungen bestellt &#8211; inklusive Versand wurden hierf\u00fcr rund 10\u20ac aufgerufen. Im Vergleich zum Neupreis der ganzen Airbrush-Pistole sieht man, womit das Geld eigentlich verdient wird \ud83d\ude09<br \/>\nDa ich mit der alten Proxxon-Airbrush-Pistole gelernt habe, dass O-Ringe kein Aceton vertragen, habe ich verschiedene andere Mittel probiert: Verd\u00fcnner, Spiritus und Airbrush-Reiniger (<span id=\"productTitle\">Vallejo Airbrush Cleaner, 200ml<\/span>). Grundlegend bin ich mit allen 3 Mitteln sehr zufrieden, was die Reinigungswirkung f\u00fcr Acrylfarben auf Wasserbasis angeht. Die Langzeitwirkung von Verd\u00fcnner auf die O-Ringe ist mir suspekt, deshalb habe ich nun Spiritus im Einsatz (Verd\u00fcnnt mit Wasser und auch pur) und habe so einen guten und kosteng\u00fcnstigen Reiniger f\u00fcr mich gefunden. Der Vallejo-Reiniger ist zwar auch sehr gut, jedoch mir pers\u00f6nlich auf Dauer zu teuer. Wichtig ist auf jeden Fall die sofortige Reinigung der Airbrush-Pistole nach deren Anwendung, sodass die Farben nicht erst an- bzw. austrockenen k\u00f6nnen. Ist dies doch passiert, muss umso zeitaufwendiger und mit langen einweich-Phasen gereinigt werden. Vorteilhaft ist dann ein Ultraschall-Bad.<\/p>\n<figure id=\"attachment_654\" class=\"thumbnail wp-caption aligncenter\" style=\"width: 300px\"><a href=\"https:\/\/www.schnorpstronik.de\/wp-content\/uploads\/2016\/11\/Airbrush_130.jpg\"><img loading=\"lazy\" decoding=\"async\" class=\"wp-image-654 size-medium\" src=\"https:\/\/www.schnorpstronik.de\/wp-content\/uploads\/2016\/11\/Airbrush_130-300x157.jpg\" alt=\"Airbrush 130\" width=\"300\" height=\"157\" srcset=\"https:\/\/www.schnorpstronik.de\/wp-content\/uploads\/2016\/11\/Airbrush_130-300x157.jpg 300w, https:\/\/www.schnorpstronik.de\/wp-content\/uploads\/2016\/11\/Airbrush_130-768x402.jpg 768w, https:\/\/www.schnorpstronik.de\/wp-content\/uploads\/2016\/11\/Airbrush_130-1024x536.jpg 1024w, https:\/\/www.schnorpstronik.de\/wp-content\/uploads\/2016\/11\/Airbrush_130.jpg 2000w\" sizes=\"auto, (max-width: 300px) 100vw, 300px\" \/><\/a><figcaption class=\"caption wp-caption-text\">Airbrush 130<\/figcaption><\/figure>\n<figure id=\"attachment_655\" class=\"thumbnail wp-caption aligncenter\" style=\"width: 217px\"><a href=\"https:\/\/www.schnorpstronik.de\/wp-content\/uploads\/2016\/11\/Airbrush_130_Beilage.jpg\"><img loading=\"lazy\" decoding=\"async\" class=\"wp-image-655 size-medium\" src=\"https:\/\/www.schnorpstronik.de\/wp-content\/uploads\/2016\/11\/Airbrush_130_Beilage-217x300.jpg\" alt=\"Dokumentation zur Airbrush 130\" width=\"217\" height=\"300\" srcset=\"https:\/\/www.schnorpstronik.de\/wp-content\/uploads\/2016\/11\/Airbrush_130_Beilage-217x300.jpg 217w, https:\/\/www.schnorpstronik.de\/wp-content\/uploads\/2016\/11\/Airbrush_130_Beilage-768x1061.jpg 768w, https:\/\/www.schnorpstronik.de\/wp-content\/uploads\/2016\/11\/Airbrush_130_Beilage-741x1024.jpg 741w, https:\/\/www.schnorpstronik.de\/wp-content\/uploads\/2016\/11\/Airbrush_130_Beilage.jpg 1448w\" sizes=\"auto, (max-width: 217px) 100vw, 217px\" \/><\/a><figcaption class=\"caption wp-caption-text\">Dokumentation zur Airbrush 130<\/figcaption><\/figure>\n<figure id=\"attachment_658\" class=\"thumbnail wp-caption alignright\" style=\"width: 300px\"><a href=\"https:\/\/www.schnorpstronik.de\/wp-content\/uploads\/2016\/11\/Airbrush_Harder_Steenbeck_Evolution_Silverline_2in1_komplett.jpg\"><img loading=\"lazy\" decoding=\"async\" class=\"wp-image-658 size-medium\" src=\"https:\/\/www.schnorpstronik.de\/wp-content\/uploads\/2016\/11\/Airbrush_Harder_Steenbeck_Evolution_Silverline_2in1_komplett-300x266.jpg\" alt=\"Harder &amp; Steebeck Evolution Silverline 2in1 komplett\" width=\"300\" height=\"266\" srcset=\"https:\/\/www.schnorpstronik.de\/wp-content\/uploads\/2016\/11\/Airbrush_Harder_Steenbeck_Evolution_Silverline_2in1_komplett-300x266.jpg 300w, https:\/\/www.schnorpstronik.de\/wp-content\/uploads\/2016\/11\/Airbrush_Harder_Steenbeck_Evolution_Silverline_2in1_komplett-768x681.jpg 768w, https:\/\/www.schnorpstronik.de\/wp-content\/uploads\/2016\/11\/Airbrush_Harder_Steenbeck_Evolution_Silverline_2in1_komplett-1024x908.jpg 1024w, https:\/\/www.schnorpstronik.de\/wp-content\/uploads\/2016\/11\/Airbrush_Harder_Steenbeck_Evolution_Silverline_2in1_komplett.jpg 2000w\" sizes=\"auto, (max-width: 300px) 100vw, 300px\" \/><\/a><figcaption class=\"caption wp-caption-text\">Harder &amp; Steebeck Evolution Silverline 2in1 komplett<\/figcaption><\/figure>\n<p>Nachdem ich mit eben genannten Produkten den Einstieg in die Welt des Airbrushs erfolgreich bestritten habe, war nun (November 2016) die Zeit gekommen, eine wertigere Airbrush-Pistole zuzulegen. Die Wahl fiel auf die Evolution Silverline 2in1 aus dem Hause Harder &amp; Steenbeck,\u00a0Preis war rund 160\u20ac. Was zum Kauf genau dieser f\u00fchrte:<\/p>\n<ul>\n<li>Einfache, werkzeugfreie Zerlegung zum reinigen<\/li>\n<li>Dichtungen, welche mit Farbe und Reiniger in Kontakt kommen, sind aus PTFE (&#8222;Teflon&#8220;) und damit L\u00f6semittel-resistent<\/li>\n<li>butterweiche Mechanik der Double-Action-Bedienung<\/li>\n<li>gute, deutschsprachige Dokumentation (nat\u00fcrlich auch in vielen anderen Sprachen verf\u00fcgbar\/beiliegend).<\/li>\n<li>sehr gute Verf\u00fcgbarkeit an Verschlei\u00df- und Ersatzteilen, da Markenhersteller mit weiter Verbreitung<\/li>\n<li>viele hilfreiche Seiten im Internet, welche beim Umgang, Wartung und Fehlersuche mit genau diesem Modell sehr hilfreich sind<\/li>\n<\/ul>\n<p>Abschlie\u00dfend m\u00f6chte ich f\u00fcr diesen Absatz noch darauf hinweisen, dass beim airbrushen mit teils gesundheitsgef\u00e4hrdenden Stoffen gearbeitet wird. Es ist also wichtig, auf den entsprechenden Arbeitsschutz zu achten: Atemschutz (Stichwort: &#8222;Atemschutz organische D\u00e4mpfe&#8220;), Augenschutz, Hautschutz und Bel\u00fcftung. Details zu den Gefahren der Stoffe sind auf diesen auch verzeichnet. Bitte hierf\u00fcr die Zeit nehmen und informieren, wie ordnungsgem\u00e4\u00df mit diesen umzugehen und was bei deren umweltgerechter Entsorgung zu beachten ist.<\/p>\n<figure id=\"attachment_657\" class=\"thumbnail wp-caption aligncenter\" style=\"width: 300px\"><a href=\"https:\/\/www.schnorpstronik.de\/wp-content\/uploads\/2016\/11\/Airbrush_Harder_Steenbeck_Evolution_Silverline_2in1.jpg\"><img loading=\"lazy\" decoding=\"async\" class=\"wp-image-657 size-medium\" src=\"https:\/\/www.schnorpstronik.de\/wp-content\/uploads\/2016\/11\/Airbrush_Harder_Steenbeck_Evolution_Silverline_2in1-300x284.jpg\" alt=\"Harder &amp; Steebeck Evolution Silverline 2in1\" width=\"300\" height=\"284\" srcset=\"https:\/\/www.schnorpstronik.de\/wp-content\/uploads\/2016\/11\/Airbrush_Harder_Steenbeck_Evolution_Silverline_2in1-300x284.jpg 300w, https:\/\/www.schnorpstronik.de\/wp-content\/uploads\/2016\/11\/Airbrush_Harder_Steenbeck_Evolution_Silverline_2in1-768x728.jpg 768w, https:\/\/www.schnorpstronik.de\/wp-content\/uploads\/2016\/11\/Airbrush_Harder_Steenbeck_Evolution_Silverline_2in1-1024x971.jpg 1024w, https:\/\/www.schnorpstronik.de\/wp-content\/uploads\/2016\/11\/Airbrush_Harder_Steenbeck_Evolution_Silverline_2in1.jpg 2000w\" sizes=\"auto, (max-width: 300px) 100vw, 300px\" \/><\/a><figcaption class=\"caption wp-caption-text\">Harder &amp; Steebeck Evolution Silverline 2in1<\/figcaption><\/figure>\n<p>&nbsp;<\/p>\n<p>&nbsp;<\/p>\n<h2>Klarlack \/ Airbrush-Farbe\u00a0Model\u00a0Air\u00a0<wbr \/><span class=\"il\">Vallejo<\/span>\u00a070.520\u00a0Barniz\u00a0Mate\u00a0<wbr \/>Matte\u00a0Varnish spuckt beim spritzen<\/h2>\n<p>Diese Farbe hatte ich versucht, mittels &#8222;Billig-Airbrush-Pistole&#8220; mit 0,2mm D\u00fcse zu spritzen. Sowohl unverd\u00fcnnt als auch verd\u00fcnnt mit Revell Aqua Color Mix im Verh\u00e4ltnis 1:1 spuckte die Airbrush-Pistole nur sto\u00dfweise (&#8222;Maschinengewehr-artig&#8220;) die Farbe aus. Nachdem ich mich in diversen Foren belesen hatte stand fest: Das Problem mit dieser Farbe ist bekannt, Abhilfe schafft gr\u00f6\u00dfere D\u00fcse und weiteres Verd\u00fcnnen. Ich habe mich f\u00fcr die gr\u00f6\u00dfere D\u00fcse von nun 0,3mm und einer Verd\u00fcnnung 1:1 entschieden.\u00a0Ergebnis: Gleichm\u00e4\u00dfiger Farbauftrag wie gew\u00fcnscht.<\/p>\n<p>&nbsp;<\/p>\n","protected":false},"excerpt":{"rendered":"<p>Hier m\u00f6chte ich ein paar Dinge zusammentragen, die ich beim Einstieg ins Hobby Airbrush und w\u00e4hrend meiner Arbeit gelernt und erfahren habe. Meine Anf\u00e4nge nahm ich im August 2016. &nbsp; Einstieg ins Thema Airbrush Da ich schon lange am Thema &hellip; <a href=\"https:\/\/www.schnorpstronik.de\/index.php\/modellbahn\/fahrzeuge-auf-und-umarbeiten\/airbrush-erfahrungswerte\/\">Weiter<\/a><\/p>\n","protected":false},"author":1,"featured_media":0,"parent":598,"menu_order":0,"comment_status":"open","ping_status":"open","template":"page-fullwidth.php","meta":{"_themeisle_gutenberg_block_has_review":false,"footnotes":""},"class_list":["post-640","page","type-page","status-publish","hentry"],"_links":{"self":[{"href":"https:\/\/www.schnorpstronik.de\/index.php\/wp-json\/wp\/v2\/pages\/640","targetHints":{"allow":["GET"]}}],"collection":[{"href":"https:\/\/www.schnorpstronik.de\/index.php\/wp-json\/wp\/v2\/pages"}],"about":[{"href":"https:\/\/www.schnorpstronik.de\/index.php\/wp-json\/wp\/v2\/types\/page"}],"author":[{"embeddable":true,"href":"https:\/\/www.schnorpstronik.de\/index.php\/wp-json\/wp\/v2\/users\/1"}],"replies":[{"embeddable":true,"href":"https:\/\/www.schnorpstronik.de\/index.php\/wp-json\/wp\/v2\/comments?post=640"}],"version-history":[{"count":0,"href":"https:\/\/www.schnorpstronik.de\/index.php\/wp-json\/wp\/v2\/pages\/640\/revisions"}],"up":[{"embeddable":true,"href":"https:\/\/www.schnorpstronik.de\/index.php\/wp-json\/wp\/v2\/pages\/598"}],"wp:attachment":[{"href":"https:\/\/www.schnorpstronik.de\/index.php\/wp-json\/wp\/v2\/media?parent=640"}],"curies":[{"name":"wp","href":"https:\/\/api.w.org\/{rel}","templated":true}]}}